t is the remainder when 24 is divided by 15?
9
What is the remainder when 275 is divided by 198?
77
What is the remainder when 50 is divided by 11?
6
Calculate the remainder when 3776 is divided by 43.
35
What is the remainder when 605 is divided by 44?
33
Calculate the remainder when 122 is divided by 71.
51
Calculate the remainder when 2694 is divided by 73.
66
What is the remainder when 194 is divided by 45?
14
Calculate the remainder when 88 is divided by 27.
7
What is the remainder when 907 is divided by 153?
142
Calculate the remainder when 1814 is divided by 202.
198
Calculate the remainder when 2973 is divided by 90.
3
What is the remainder when 382 is divided by 35?
32
Calculate the remainder when 96669 is divided by 70.
69
Calculate the remainder when 220 is divided by 52.
12
Calculate the remainder when 976 is divided by 57.
7
Calculate the remainder when 475 is divided by 44.
35
Calculate the remainder when 1122 is divided by 1102.
20
Calculate the remainder when 130 is divided by 76.
54
Calculate the remainder when 1724 is divided by 2.
0
What is the remainder when 212 is divided by 36?
32
Calculate the remainder when 543 is divided by 26.
23
Calculate the remainder when 92 is divided by 50.
42
Calculate the remainder when 11 is divided by 4.
3
Calculate the remainder when 389 is divided by 192.
5
What is the remainder when 112 is divided by 27?
4
Calculate the remainder when 24399 is divided by 249.
246
What is the remainder when 263 is divided by 260?
3
Calculate the remainder when 3780 is divided by 62.
60
Calculate the remainder when 222 is divided by 42.
12
What is the remainder when 3292 is divided by 122?
120
What is the remainder when 846 is divided by 321?
204
What is the remainder when 3389 is divided by 3387?
2
Calculate the remainder when 263 is divided by 37.
4
Calculate the remainder when 894 is divided by 125.
19
What is the remainder when 168 is divided by 44?
36
Calculate the remainder when 578 is divided by 65.
58
Calculate the remainder when 134 is divided by 28.
22
What is the remainder when 197 is divided by 20?
17
Calculate the remainder when 250 is divided by 63.
61
What is the remainder when 829 is divided by 52?
49
What is the remainder when 1268 is divided by 327?
287
What is the remainder when 350 is divided by 27?
26
Calculate the remainder when 121 is divided by 37.
10
Calculate the remainder when 141 is divided by 126.
15
Calculate the remainder when 661 is divided by 132.
1
What is the remainder when 89 is divided by 43?
3
Calculate the remainder when 2766 is divided by 552.
6
What is the remainder when 2064 is divided by 218?
102
What is the remainder when 414 is divided by 148?
118
What is the remainder when 910 is divided by 6?
4
Calculate the remainder when 1292 is divided by 133.
95
What is the remainder when 956 is divided by 107?
100
What is the remainder when 239 is divided by 27?
23
What is the remainder when 522 is divided by 33?
27
What is the remainder when 28702 is divided by 104?
102
Calculate the remainder when 1833 is divided by 307.
298
What is the remainder when 153 is divided by 6?
3
Calculate the remainder when 1045 is divided by 1044.
1
What is the remainder when 2102 is divided by 24?
14
Calculate the remainder when 1228 is divided by 10.
8
Calculate the remainder when 737 is divided by 362.
13
What is the remainder when 243 is divided by 78?
9
What is the remainder when 146 is divided by 38?
32
Calculate the remainder when 11446 is divided by 53.
51
What is the remainder when 117 is divided by 80?
37
What is the remainder when 7100 is divided by 64?
60
What is the remainder when 784 is divided by 162?
136
What is the remainder when 604 is divided by 101?
99
Calculate the remainder when 592 is divided by 18.
16
What is the remainder when 7118 is divided by 14?
6
Calculate the remainder when 192 is divided by 105.
87
What is the remainder when 112 is divided by 19?
17
Calculate the remainder when 432 is divided by 62.
60
Calculate the remainder when 965 is divided by 42.
41
What is the remainder when 5565 is divided by 192?
189
What is the remainder when 422 is divided by 118?
68
Calculate the remainder when 733 is divided by 92.
89
What is the remainder when 132 is divided by 31?
8
Calculate the remainder when 62 is divided by 14.
6
What is the remainder when 129 is divided by 27?
21
Calculate the remainder when 1723 is divided by 192.
187
What is the remainder when 7951 is divided by 82?
79
What is the remainder when 171 is divided by 22?
17
What is the remainder when 526 is divided by 76?
70
Calculate the remainder when 228 is divided by 196.
32
What is the remainder when 12523 is divided by 9?
4
What is the remainder when 292 is divided by 25?
17
Calculate the remainder when 633 is divided by 95.
63
Calculate the remainder when 712 is divided by 31.
30
Calculate the remainder when 557 is divided by 168.
53
What is the remainder when 122 is divided by 9?
5
What is the remainder when 29109 is divided by 12?
9
Calculate the remainder when 153 is divided by 80.
73
What is the remainder when 441 is divided by 36?
9
What is the remainder when 350 is divided by 27?
26
What is the remainder when 1817 is divided by 14?
11
What is the remainder when 190 is divided by 40?
30
What is the remainder when 353 is divided by 54?
29
Calculate the remainder when 1598 is divided by 37.
7
Calculate the remainder when 42 is divided by 34.
8
Calculate the remainder when 489 is divided by 7.
6
What is the remainder when 1241 is divided by 23?
22
What is the remainder when 1231 is divided by 14?
13
What is the remainder when 1089 is divided by 28?
25
What is the remainder when 342 is divided by 151?
40
Calculate the remainder when 168 is divided by 29.
23
Calculate the remainder when 742 is divided by 42.
28
Calculate the remainder when 765 is divided by 116.
69
Calculate the remainder when 271 is divided by 7.
5
Calculate the remainder when 3295 is divided by 97.
94
Calculate the remainder when 3121 is divided by 23.
16
What is the remainder when 360 is divided by 66?
30
Calculate the remainder when 20836 is divided by 23.
21
What is the remainder when 215 is divided by 59?
38
What is the remainder when 1202 is divided by 399?
5
What is the remainder when 12494 is divided by 22?
20
Calculate the remainder when 849 is divided by 72.
57
Calculate the remainder when 120 is divided by 36.
12
Calculate the remainder when 865 is divided by 33.
7
What is the remainder when 258 is divided by 102?
54
What is the remainder when 202 is divided by 76?
50
Calculate the remainder when 499 is divided by 39.
31
What is the remainder when 327 is divided by 78?
15
Calculate the remainder when 176 is divided by 162.
14
Calculate the remainder when 147 is divided by 48.
3
What is the remainder when 901 is divided by 237?
190
What is the remainder when 790 is divided by 114?
106
What is the remainder when 1089 is divided by 265?
29
What is the remainder when 265 is divided by 67?
64
Calculate the remainder when 4006 is divided by 12.
10
What is the remainder when 458 is divided by 157?
144
What is the remainder when 2971 is divided by 4?
3
What is the remainder when 559 is divided by 4?
3
Calculate the remainder when 312 is divided by 53.
47
What is the remainder when 610 is divided by 215?
180
What is the remainder when 916 is divided by 252?
160
What is the remainder when 91 is divided by 21?
7
Calculate the remainder when 10 is divided by 10.
0
Calculate the remainder when 55 is divided by 21.
13
Calculate the remainder when 364 is divided by 25.
14
What is the remainder when 188 is divided by 174?
14
Calculate the remainder when 1213 is divided by 203.
198
What is the remainder when 1665 is divided by 65?
40
What is the remainder when 258 is divided by 122?
14
What is the remainder when 675 is divided by 13?
12
Calculate the remainder when 197 is divided by 78.
41
Calculate the remainder when 254 is divided by 64.
62
What is the remainder when 398 is divided by 381?
17
What is the remainder when 8553 is divided by 91?
90
What is the remainder when 1274 is divided by 44?
42
Calculate the remainder when 31 is divided by 24.
7
What is the remainder when 1693 is divided by 134?
85
Calculate the remainder when 502 i